{"id":903,"date":"2025-10-28T15:45:25","date_gmt":"2025-10-28T14:45:25","guid":{"rendered":"https:\/\/osteopathe-in-paris.com\/?page_id=903"},"modified":"2025-11-03T17:03:33","modified_gmt":"2025-11-03T16:03:33","slug":"questions","status":"publish","type":"page","link":"https:\/\/osteopathe-in-paris.com\/index.php\/questions\/","title":{"rendered":"Questions"},"content":{"rendered":"<div class=\"vc_row wpb_row vc_row-fluid\" style=\"position:relative\"><div class=\"wpb_column vc_column_container vc_col-sm-12\" style=\"position:relative\"><div class=\"vc_column-inner\"><div class=\"wpb_wrapper\">\n\t<div class=\"wpb_text_column wpb_content_element \" >\n\t\t<div class=\"wpb_wrapper\">\n\t\t\t<p><!-- Google Tag Manager --><!-- End Google Tag Manager --><br \/>\n<!-- Google Tag Manager (noscript) --><br \/>\n<noscript><iframe loading=\"lazy\" src=\"https:\/\/www.googletagmanager.com\/ns.html?id=GTM-TJ4KZQFC\" height=\"0\" width=\"0\" style=\"display:none;visibility:hidden\"><\/iframe><\/noscript><br \/>\n<!-- End Google Tag Manager (noscript) --><br \/>\n<head><!-- Google tag (gtag.js) --><br \/>\n<script async src=\"https:\/\/www.googletagmanager.com\/gtag\/js?id=AW-17685763551\"><\/script><br \/>\n<script>\n  window.dataLayer = window.dataLayer || [];\n  function gtag(){dataLayer.push(arguments);}\n  gtag('js', new Date());<\/p>\n<p>  gtag('config', 'AW-17685763551');\n<\/script><\/p>\n<p><!-- Event snippet for Prise de rendez-vous (2) conversion page\nIn your html page, add the snippet and call gtag_report_conversion when someone clicks on the chosen link or button. --><br \/>\n<script>\nfunction gtag_report_conversion(url) {\n  var callback = function () {\n    if (typeof(url) != 'undefined') {\n      window.location = url;\n    }\n  };\n  gtag('event', 'conversion', {\n      'send_to': 'AW-17685763551\/qfyDCJ7pk7kbEN-rnfFB',\n      'value': 1.0,\n      'currency': 'EUR',\n      'event_callback': callback\n  });\n  return false;\n}\n<\/script><\/head><\/p>\n\n\t\t<\/div>\n\t<\/div>\n<\/div><\/div><\/div><\/div><div class=\"vc_row wpb_row vc_row-fluid\" style=\"position:relative\"><div class=\"wpb_column vc_column_container vc_col-sm-8 vc_col-has-fill\" style=\"position:relative\"><div class=\"vc_column-inner vc_custom_1761663257786\"><div class=\"wpb_wrapper\"><div  class=\"vc_toggle vc_toggle_default vc_toggle_color_default  vc_toggle_size_md\"><div class=\"vc_toggle_title\"><h4>Faut-il une ordonnance ?<\/h4><i class=\"vc_toggle_icon\"><\/i><\/div><div class=\"vc_toggle_content\"><p>Vous n&#8217;avez pas besoin d&#8217;ordonnance ni de votre carte vitale, l&#8217;ost\u00e9opathie n&#8217;\u00e9tant pas pris en charge par la s\u00e9curit\u00e9 sociale. Cependant la majorit\u00e9 des mutuelles remboursent les soins en ost\u00e9opathie ! Vous recevrez en fin de s\u00e9ance une facture \u00e0 transmettre \u00e0 votre mutuelle afin d&#8217;avoir un remboursement.<\/p>\n<p>De plus l&#8217;avis m\u00e9dical n&#8217;est pas obligatoire mais peut-\u00eatre recommand\u00e9 avant un RDV d\u00e9pendant de votre pathologie.<\/p>\n<\/div><\/div><div  class=\"vc_toggle vc_toggle_default vc_toggle_color_default  vc_toggle_size_md\"><div class=\"vc_toggle_title\"><h4>Comment m&#039;habiller pour la s\u00e9ance ?<\/h4><i class=\"vc_toggle_icon\"><\/i><\/div><div class=\"vc_toggle_content\"><p>De pr\u00e9f\u00e9rence le patient se met en sous v\u00eatement pour la s\u00e9ance. Vous pouvez venir avec des v\u00eatements pr\u00e8s du corps mais souples (legging, d\u00e9bardeur, short de sport&#8230;) si cela vous mets plus \u00e0 l&#8217;aise !<\/p>\n<\/div><\/div><div  class=\"vc_toggle vc_toggle_default vc_toggle_color_default  vc_toggle_size_md\"><div class=\"vc_toggle_title\"><h4>Tarif et moyen de paiement<\/h4><i class=\"vc_toggle_icon\"><\/i><\/div><div class=\"vc_toggle_content\"><p>Le tarif de la consultation est compris entre 70\u20ac et 90\u20ac. Vous pouvez r\u00e9gler en esp\u00e8ces, ch\u00e8que ou CB (apple pay et android pay compris).<\/p>\n<\/div><\/div><div  class=\"vc_toggle vc_toggle_default vc_toggle_color_default  vc_toggle_size_md\"><div class=\"vc_toggle_title\"><h4>Comment savoir si l&#039;ost\u00e9opathie est adapt\u00e9e \u00e0 mon cas ?<\/h4><i class=\"vc_toggle_icon\"><\/i><\/div><div class=\"vc_toggle_content\"><p>Les motifs de consultation sont nombreux en ost\u00e9opathie. Vous pouvez vous r\u00e9f\u00e9rez \u00e0 la page &#8220;<a href=\"https:\/\/osteopathe-in-paris.com\/index.php\/faq\/\">pourquoi consulter ?<\/a>&#8220;.\u00a0Dans tous les cas, votre ost\u00e9opathe vous posera les questions essentiels et personnalis\u00e9es pour savoir s&#8217;il peut vous manipuler, dans le cas contraire il vous r\u00e9f\u00e8rera au sp\u00e9cialiste ad\u00e9quat \u00e0 votre situation. Un doute avant de prendre RDV ? N&#8217;h\u00e9sitez pas \u00e0 <a href=\"https:\/\/osteopathe-in-paris.com\/index.php\/cabinet\/\">contacter<\/a> votre ost\u00e9opathe au 07 87 32 09 89 ou directement sur la messagerie Doctolib !<\/p>\n<\/div><\/div><div  class=\"vc_toggle vc_toggle_default vc_toggle_color_default  vc_toggle_size_md\"><div class=\"vc_toggle_title\"><h4>Est-ce que le &quot;crac&quot; est obligatoire ?<\/h4><i class=\"vc_toggle_icon\"><\/i><\/div><div class=\"vc_toggle_content\"><p>Non, ce n&#8217;est pas obligatoire. Votre ost\u00e9opathe adapte ses techniques \u00e0 vos besoins. S&#8217;il y a une appr\u00e9hension de votre part, votre ost\u00e9opathe peut toujours s&#8217;adapter. Dans tous les cas, votre ost\u00e9opathe prendra toujours le soin de vous expliquer ses manipulations ainsi que leur int\u00e9r\u00eats dans votre cas.<\/p>\n<\/div><\/div><\/div><\/div><\/div><div class=\"wpb_column vc_column_container vc_col-sm-4\" style=\"position:relative\"><div class=\"vc_column-inner\"><div class=\"wpb_wrapper\"><div class=\"vc_btn3-container vc_btn3-inline\"><a class=\"vc_general vc_btn3 vc_btn3-size-md vc_btn3-shape-rounded vc_btn3-style-modern vc_btn3-color-theme_primary_btn\" href=\"https:\/\/www.doctolib.fr\/osteopathe\/paris\/victoria-andre\" title=\"\" target=\"_self\">Prendre rendez-vous<\/a><\/div>\n<\/div><\/div><\/div><\/div>\n","protected":false},"excerpt":{"rendered":"Faut-il une ordonnance ?Vous n&#8217;avez pas besoin d&#8217;ordonnance ni de votre carte vitale, l&#8217;ost\u00e9opathie n&#8217;\u00e9tant pas pris en charge par la s\u00e9curit\u00e9 sociale. Cependant la majorit\u00e9 des mutuelles remboursent les soins en ost\u00e9opathie ! Vous recevrez en fin de s\u00e9ance une facture \u00e0 transmettre \u00e0 votre mutuelle afin d&#8217;avoir un remboursement. De plus l&#8217;avis m\u00e9dical n&#8217;est pas obligatoire mais peut-\u00eatre recommand\u00e9 avant un RDV d\u00e9pendant de votre pathologie. Comment m&#039;habiller pour la s\u00e9ance ?De pr\u00e9f\u00e9rence le patient se met en sous v\u00eatement pour la s\u00e9ance. Vous pouvez venir avec des v\u00eatements pr\u00e8s du corps mais souples (legging, d\u00e9bardeur, short de sport&#8230;) si cela vous mets plus \u00e0 l&#8217;aise ! Tarif et moyen de paiementLe tarif de la consultation est compris entre 70\u20ac et 90\u20ac. Vous pouvez r\u00e9gler en esp\u00e8ces, ch\u00e8que ou CB (apple pay et android pay compris). Comment savoir si l&#039;ost\u00e9opathie est adapt\u00e9e \u00e0 mon cas ?Les motifs de consultation sont nombreux en ost\u00e9opathie. Vous pouvez vous r\u00e9f\u00e9rez \u00e0 la page &#8220;pourquoi consulter ?&#8220;.\u00a0Dans tous les cas, votre ost\u00e9opathe vous posera les questions essentiels et personnalis\u00e9es pour savoir s&#8217;il peut vous manipuler, dans le cas contraire il vous r\u00e9f\u00e8rera au sp\u00e9cialiste ad\u00e9quat \u00e0 votre situation. Un doute avant de prendre RDV ? N&#8217;h\u00e9sitez pas \u00e0 contacter votre ost\u00e9opathe au 07 87 32 09 89 ou directement sur la messagerie Doctolib ! Est-ce que le &quot;crac&quot; est obligatoire ?Non, ce n&#8217;est pas obligatoire. Votre ost\u00e9opathe adapte ses techniques \u00e0 vos besoins. S&#8217;il y a une appr\u00e9hension de votre part, votre ost\u00e9opathe peut toujours s&#8217;adapter. Dans tous les cas, votre ost\u00e9opathe prendra toujours le soin de vous expliquer ses manipulations ainsi que leur int\u00e9r\u00eats dans votre cas. Prendre rendez-vous","protected":false},"author":1,"featured_media":0,"parent":0,"menu_order":0,"comment_status":"closed","ping_status":"closed","template":"","meta":{"footnotes":""},"class_list":["post-903","page","type-page","status-publish","hentry"],"yoast_head":"<!-- This site is optimized with the Yoast SEO plugin v26.2 - https:\/\/yoast.com\/wordpress\/plugins\/seo\/ -->\n<title>Questions | Andr\u00e9 Victoria<\/title>\n<meta name=\"description\" content=\"RDV d&#039;ost\u00e9opathie dans Paris 13\u00e8me. Victoria Andr\u00e9 est ost\u00e9opathe D.O agr\u00e9e. Prise en charge de votre sant\u00e9 et de votre bien \u00eatre. Prise de rendez-vous rapide en ligne ou au 07.87.32.09.89.\" \/>\n<meta name=\"robots\" content=\"index, follow, max-snippet:-1, max-image-preview:large, max-video-preview:-1\" \/>\n<link rel=\"canonical\" href=\"https:\/\/osteopathe-in-paris.com\/index.php\/questions\/\" \/>\n<meta property=\"og:locale\" content=\"fr_FR\" \/>\n<meta property=\"og:type\" content=\"article\" \/>\n<meta property=\"og:title\" content=\"Questions | Andr\u00e9 Victoria\" \/>\n<meta property=\"og:description\" content=\"RDV d&#039;ost\u00e9opathie dans Paris 13\u00e8me. Victoria Andr\u00e9 est ost\u00e9opathe D.O agr\u00e9e. Prise en charge de votre sant\u00e9 et de votre bien \u00eatre. Prise de rendez-vous rapide en ligne ou au 07.87.32.09.89.\" \/>\n<meta property=\"og:url\" content=\"https:\/\/osteopathe-in-paris.com\/index.php\/questions\/\" \/>\n<meta property=\"og:site_name\" content=\"Andr\u00e9 Victoria\" \/>\n<meta property=\"article:modified_time\" content=\"2025-11-03T16:03:33+00:00\" \/>\n<meta property=\"og:image\" content=\"https:\/\/osteopathe-in-paris.com\/wp-content\/uploads\/2025\/10\/cropped-Logo-Andre-Victoria-1.png\" \/>\n\t<meta property=\"og:image:width\" content=\"512\" \/>\n\t<meta property=\"og:image:height\" content=\"512\" \/>\n\t<meta property=\"og:image:type\" content=\"image\/png\" \/>\n<meta name=\"twitter:card\" content=\"summary_large_image\" \/>\n<meta name=\"twitter:label1\" content=\"Dur\u00e9e de lecture estim\u00e9e\" \/>\n\t<meta name=\"twitter:data1\" content=\"2 minutes\" \/>\n<script type=\"application\/ld+json\" class=\"yoast-schema-graph\">{\"@context\":\"https:\/\/schema.org\",\"@graph\":[{\"@type\":\"WebPage\",\"@id\":\"https:\/\/osteopathe-in-paris.com\/index.php\/questions\/\",\"url\":\"https:\/\/osteopathe-in-paris.com\/index.php\/questions\/\",\"name\":\"Questions | Andr\u00e9 Victoria\",\"isPartOf\":{\"@id\":\"https:\/\/osteopathe-in-paris.com\/#website\"},\"datePublished\":\"2025-10-28T14:45:25+00:00\",\"dateModified\":\"2025-11-03T16:03:33+00:00\",\"description\":\"RDV d'ost\u00e9opathie dans Paris 13\u00e8me. Victoria Andr\u00e9 est ost\u00e9opathe D.O agr\u00e9e. Prise en charge de votre sant\u00e9 et de votre bien \u00eatre. Prise de rendez-vous rapide en ligne ou au 07.87.32.09.89.\",\"breadcrumb\":{\"@id\":\"https:\/\/osteopathe-in-paris.com\/index.php\/questions\/#breadcrumb\"},\"inLanguage\":\"fr-FR\",\"potentialAction\":[{\"@type\":\"ReadAction\",\"target\":[\"https:\/\/osteopathe-in-paris.com\/index.php\/questions\/\"]}]},{\"@type\":\"BreadcrumbList\",\"@id\":\"https:\/\/osteopathe-in-paris.com\/index.php\/questions\/#breadcrumb\",\"itemListElement\":[{\"@type\":\"ListItem\",\"position\":1,\"name\":\"Accueil\",\"item\":\"https:\/\/osteopathe-in-paris.com\/\"},{\"@type\":\"ListItem\",\"position\":2,\"name\":\"Questions\"}]},{\"@type\":\"WebSite\",\"@id\":\"https:\/\/osteopathe-in-paris.com\/#website\",\"url\":\"https:\/\/osteopathe-in-paris.com\/\",\"name\":\"Andr\u00e9 Victoria Ost\u00e9oapthe\",\"description\":\"Ost\u00e9opathe\",\"publisher\":{\"@id\":\"https:\/\/osteopathe-in-paris.com\/#organization\"},\"potentialAction\":[{\"@type\":\"SearchAction\",\"target\":{\"@type\":\"EntryPoint\",\"urlTemplate\":\"https:\/\/osteopathe-in-paris.com\/?s={search_term_string}\"},\"query-input\":{\"@type\":\"PropertyValueSpecification\",\"valueRequired\":true,\"valueName\":\"search_term_string\"}}],\"inLanguage\":\"fr-FR\"},{\"@type\":\"Organization\",\"@id\":\"https:\/\/osteopathe-in-paris.com\/#organization\",\"name\":\"Andre Victoria Ost\u00e9opathe\",\"url\":\"https:\/\/osteopathe-in-paris.com\/\",\"logo\":{\"@type\":\"ImageObject\",\"inLanguage\":\"fr-FR\",\"@id\":\"https:\/\/osteopathe-in-paris.com\/#\/schema\/logo\/image\/\",\"url\":\"https:\/\/osteopathe-in-paris.com\/wp-content\/uploads\/2020\/12\/Logo-Andre-Victoria.png\",\"contentUrl\":\"https:\/\/osteopathe-in-paris.com\/wp-content\/uploads\/2020\/12\/Logo-Andre-Victoria.png\",\"width\":1000,\"height\":1000,\"caption\":\"Andre Victoria Ost\u00e9opathe\"},\"image\":{\"@id\":\"https:\/\/osteopathe-in-paris.com\/#\/schema\/logo\/image\/\"}}]}<\/script>\n<!-- \/ Yoast SEO plugin. -->","yoast_head_json":{"title":"Questions | Andr\u00e9 Victoria","description":"RDV d'ost\u00e9opathie dans Paris 13\u00e8me. Victoria Andr\u00e9 est ost\u00e9opathe D.O agr\u00e9e. Prise en charge de votre sant\u00e9 et de votre bien \u00eatre. Prise de rendez-vous rapide en ligne ou au 07.87.32.09.89.","robots":{"index":"index","follow":"follow","max-snippet":"max-snippet:-1","max-image-preview":"max-image-preview:large","max-video-preview":"max-video-preview:-1"},"canonical":"https:\/\/osteopathe-in-paris.com\/index.php\/questions\/","og_locale":"fr_FR","og_type":"article","og_title":"Questions | Andr\u00e9 Victoria","og_description":"RDV d'ost\u00e9opathie dans Paris 13\u00e8me. Victoria Andr\u00e9 est ost\u00e9opathe D.O agr\u00e9e. Prise en charge de votre sant\u00e9 et de votre bien \u00eatre. Prise de rendez-vous rapide en ligne ou au 07.87.32.09.89.","og_url":"https:\/\/osteopathe-in-paris.com\/index.php\/questions\/","og_site_name":"Andr\u00e9 Victoria","article_modified_time":"2025-11-03T16:03:33+00:00","og_image":[{"width":512,"height":512,"url":"https:\/\/osteopathe-in-paris.com\/wp-content\/uploads\/2025\/10\/cropped-Logo-Andre-Victoria-1.png","type":"image\/png"}],"twitter_card":"summary_large_image","twitter_misc":{"Dur\u00e9e de lecture estim\u00e9e":"2 minutes"},"schema":{"@context":"https:\/\/schema.org","@graph":[{"@type":"WebPage","@id":"https:\/\/osteopathe-in-paris.com\/index.php\/questions\/","url":"https:\/\/osteopathe-in-paris.com\/index.php\/questions\/","name":"Questions | Andr\u00e9 Victoria","isPartOf":{"@id":"https:\/\/osteopathe-in-paris.com\/#website"},"datePublished":"2025-10-28T14:45:25+00:00","dateModified":"2025-11-03T16:03:33+00:00","description":"RDV d'ost\u00e9opathie dans Paris 13\u00e8me. Victoria Andr\u00e9 est ost\u00e9opathe D.O agr\u00e9e. Prise en charge de votre sant\u00e9 et de votre bien \u00eatre. Prise de rendez-vous rapide en ligne ou au 07.87.32.09.89.","breadcrumb":{"@id":"https:\/\/osteopathe-in-paris.com\/index.php\/questions\/#breadcrumb"},"inLanguage":"fr-FR","potentialAction":[{"@type":"ReadAction","target":["https:\/\/osteopathe-in-paris.com\/index.php\/questions\/"]}]},{"@type":"BreadcrumbList","@id":"https:\/\/osteopathe-in-paris.com\/index.php\/questions\/#breadcrumb","itemListElement":[{"@type":"ListItem","position":1,"name":"Accueil","item":"https:\/\/osteopathe-in-paris.com\/"},{"@type":"ListItem","position":2,"name":"Questions"}]},{"@type":"WebSite","@id":"https:\/\/osteopathe-in-paris.com\/#website","url":"https:\/\/osteopathe-in-paris.com\/","name":"Andr\u00e9 Victoria Ost\u00e9oapthe","description":"Ost\u00e9opathe","publisher":{"@id":"https:\/\/osteopathe-in-paris.com\/#organization"},"potentialAction":[{"@type":"SearchAction","target":{"@type":"EntryPoint","urlTemplate":"https:\/\/osteopathe-in-paris.com\/?s={search_term_string}"},"query-input":{"@type":"PropertyValueSpecification","valueRequired":true,"valueName":"search_term_string"}}],"inLanguage":"fr-FR"},{"@type":"Organization","@id":"https:\/\/osteopathe-in-paris.com\/#organization","name":"Andre Victoria Ost\u00e9opathe","url":"https:\/\/osteopathe-in-paris.com\/","logo":{"@type":"ImageObject","inLanguage":"fr-FR","@id":"https:\/\/osteopathe-in-paris.com\/#\/schema\/logo\/image\/","url":"https:\/\/osteopathe-in-paris.com\/wp-content\/uploads\/2020\/12\/Logo-Andre-Victoria.png","contentUrl":"https:\/\/osteopathe-in-paris.com\/wp-content\/uploads\/2020\/12\/Logo-Andre-Victoria.png","width":1000,"height":1000,"caption":"Andre Victoria Ost\u00e9opathe"},"image":{"@id":"https:\/\/osteopathe-in-paris.com\/#\/schema\/logo\/image\/"}}]}},"_links":{"self":[{"href":"https:\/\/osteopathe-in-paris.com\/index.php\/wp-json\/wp\/v2\/pages\/903","targetHints":{"allow":["GET"]}}],"collection":[{"href":"https:\/\/osteopathe-in-paris.com\/index.php\/wp-json\/wp\/v2\/pages"}],"about":[{"href":"https:\/\/osteopathe-in-paris.com\/index.php\/wp-json\/wp\/v2\/types\/page"}],"author":[{"embeddable":true,"href":"https:\/\/osteopathe-in-paris.com\/index.php\/wp-json\/wp\/v2\/users\/1"}],"replies":[{"embeddable":true,"href":"https:\/\/osteopathe-in-paris.com\/index.php\/wp-json\/wp\/v2\/comments?post=903"}],"version-history":[{"count":16,"href":"https:\/\/osteopathe-in-paris.com\/index.php\/wp-json\/wp\/v2\/pages\/903\/revisions"}],"predecessor-version":[{"id":972,"href":"https:\/\/osteopathe-in-paris.com\/index.php\/wp-json\/wp\/v2\/pages\/903\/revisions\/972"}],"wp:attachment":[{"href":"https:\/\/osteopathe-in-paris.com\/index.php\/wp-json\/wp\/v2\/media?parent=903"}],"curies":[{"name":"wp","href":"https:\/\/api.w.org\/{rel}","templated":true}]}}