{"id":792,"date":"2020-12-13T18:02:10","date_gmt":"2020-12-13T17:02:10","guid":{"rendered":"http:\/\/osteopathe-in-paris.com\/?page_id=792"},"modified":"2025-11-03T15:36:24","modified_gmt":"2025-11-03T14:36:24","slug":"votre-osteopathe","status":"publish","type":"page","link":"https:\/\/osteopathe-in-paris.com\/index.php\/votre-osteopathe\/","title":{"rendered":"Votre ost\u00e9opathe"},"content":{"rendered":"<p><head><!-- Google Tag Manager --><br \/>\n<script>(function(w,d,s,l,i){w[l]=w[l]||[];w[l].push({'gtm.start':\nnew Date().getTime(),event:'gtm.js'});var f=d.getElementsByTagName(s)[0],\nj=d.createElement(s),dl=l!='dataLayer'?'&l='+l:'';j.async=true;j.src=\n'https:\/\/www.googletagmanager.com\/gtm.js?id='+i+dl;f.parentNode.insertBefore(j,f);\n})(window,document,'script','dataLayer','GTM-TJ4KZQFC');<\/script><br \/>\n<!-- End Google Tag Manager --><\/head><br \/>\n<body><!-- Google Tag Manager (noscript) --><br \/>\n<noscript><iframe src=\"https:\/\/www.googletagmanager.com\/ns.html?id=GTM-TJ4KZQFC\"\nheight=\"0\" width=\"0\" style=\"display:none;visibility:hidden\"><\/iframe><\/noscript><br \/>\n<!-- End Google Tag Manager (noscript) --><\/body><br \/>\n<!-- Google tag (gtag.js) --><br \/>\n<script async src=\"https:\/\/www.googletagmanager.com\/gtag\/js?id=AW-17685763551\"><\/script><br \/>\n<script>\n  window.dataLayer = window.dataLayer || [];\n  function gtag(){dataLayer.push(arguments);}\n  gtag('js', new Date());<\/p>\n<p>  gtag('config', 'AW-17685763551');\n<\/script><br \/>\n<div data-vc-full-width=\"true\" data-vc-full-width-init=\"false\" class=\"vc_row wpb_row vc_row-fluid vc_row-o-content-middle vc_row-flex\" style=\"position:relative\"><div class=\"wpb_column vc_column_container vc_col-sm-12 vc_hidden-lg vc_hidden-md vc_hidden-sm\" style=\"position:relative\"><div class=\"vc_column-inner\"><div class=\"wpb_wrapper\"><div class=\"imi-spacer \" id=\"imi-spacer-69d6d8fe1cc20\" data-spacer-id=\"imi-spacer-69d6d8fe1cc20\" data-spacer-lg=\"93px\" data-spacer-md=\"93px\" data-spacer-sm=\"63px\" data-spacer-xs=\"40px\"><\/div>\n\t<div  class=\"wpb_single_image wpb_content_element vc_align_center\">\n\t\t\n\t\t<figure class=\"wpb_wrapper vc_figure\">\n\t\t\t<div class=\"vc_single_image-wrapper   vc_box_border_grey\"><img loading=\"lazy\" decoding=\"async\" class=\"vc_single_image-img \" src=\"https:\/\/osteopathe-in-paris.com\/wp-content\/uploads\/2020\/12\/Vico_Shoot_123-R-scaled-500x600.jpg\" width=\"500\" height=\"600\" alt=\"Vico_Shoot_123-R\" title=\"Vico_Shoot_123-R\" \/><\/div>\n\t\t<\/figure>\n\t<\/div>\n<\/div><\/div><\/div><\/div><div class=\"vc_row-full-width vc_clearfix\"><\/div><div data-vc-full-width=\"true\" data-vc-full-width-init=\"false\" class=\"vc_row wpb_row vc_row-fluid ostheopathe vc_custom_1607874332722 vc_row-has-fill vc_column-gap-30 vc_row-o-equal-height vc_row-o-content-middle vc_row-flex\" style=\"position:relative\"><div class=\"wpb_column vc_column_container vc_col-sm-8 vc_col-lg-7 vc_col-md-7\" style=\"position:relative\"><div class=\"vc_column-inner\"><div class=\"wpb_wrapper\"><div class=\"imi-spacer \" id=\"imi-spacer-69d6d8fe1d953\" data-spacer-id=\"imi-spacer-69d6d8fe1d953\" data-spacer-lg=\"93px\" data-spacer-md=\"93px\" data-spacer-sm=\"63px\" data-spacer-xs=\"40px\"><\/div><h2 style=\"color: #21596c;text-align: left\" class=\"vc_custom_heading\" >Votre ost\u00e9opathe<\/h2>\n\t<div class=\"wpb_text_column wpb_content_element  text-pres\" >\n\t\t<div class=\"wpb_wrapper\">\n\t\t\t<p>Victoria a obtenu son dipl\u00f4me d\u2019ost\u00e9opathe D.O.F \u00e0 l\u2019<strong>\u00c9cole Sup\u00e9rieure d\u2019Ost\u00e9opathie (ESO Supost\u00e9o)<\/strong>, \u00e9cole agr\u00e9e et formation en 6 ans.<\/p>\n<p>Depuis son dipl\u00f4me, elle multiplie les exp\u00e9riences aussi bien en France qu\u2019\u00e0 l\u2019\u00e9tranger.<\/p>\n<p>Exp\u00e9rience en tant que praticienne depuis ses \u00e9tudes \u00e0 la <strong>clinique de l\u2019ESO<\/strong>, puis en cabinet en banlieue parisienne mais aussi au <strong>Osteo Nature Center \u00e0 S\u00e9oul (Cor\u00e9e du sud)<\/strong>, o\u00f9 elle a pu partager avec des ost\u00e9opathes form\u00e9s \u00e0 Londres mais aussi s\u2019ouvrir aux diff\u00e9rentes visions de prise en charge de la douleur, aussi bien cor\u00e9enne que du monde entier par sa patient\u00e8le vari\u00e9e.<\/p>\n<p>Votre ost\u00e9opathe a \u00e9galement de l\u2019exp\u00e9rience en h\u00f4pital, dans le service de maternit\u00e9 \u00e0 la <strong>clinique Vauban (Livry Gargan)<\/strong> et au service d\u2019h\u00e9pato-gastro-ent\u00e9rologie du <strong>CHI de Cr\u00e9teil<\/strong>. S\u2019ajoute \u00e0 cela sa pr\u00e9sence sur des \u00e9v\u00e8nements sportifs ponctuels tel que le semi-marathon de Paris, dans des clubs sportifs mais aussi des interventions en entreprise.<\/p>\n\n\t\t<\/div>\n\t<\/div>\n\n\t<div class=\"wpb_text_column wpb_content_element  text-pres\" >\n\t\t<div class=\"wpb_wrapper\">\n\t\t\t<p>Victoria s\u2019implique \u00e9galement dans la recherche et l\u2019enseignement. Elle a r\u00e9dig\u00e9 et valid\u00e9 son m\u00e9moire <strong>\u00ab\u00a0Apport d\u2019une prise en charge en ost\u00e9opathie lors de la r\u00e9\u00e9ducation suite \u00e0 une ligamentoplastie du LCAE\u00a0\u00bb<\/strong> r\u00e9alis\u00e9 en \u00e9troite relation avec plusieurs kin\u00e9sith\u00e9rapeutes.<\/p>\n<p>De plus elle participe au partage avec les plus jeunes en tant qu\u2019intervenante et directrice de stage au <strong>Lyc\u00e9e Fran\u00e7aise de S\u00e9oul (Cor\u00e9e du sud)<\/strong>, et a \u00e9galement dispens\u00e9 des cours avec le Dr. Kim Joseph au <strong>Korean Osteopatic Institute (Seoul, Cor\u00e9e du sud)<\/strong>.<\/p>\n\n\t\t<\/div>\n\t<\/div>\n<div class=\"imi-spacer \" id=\"imi-spacer-69d6d8fe1e2b7\" data-spacer-id=\"imi-spacer-69d6d8fe1e2b7\" data-spacer-lg=\"90px\" data-spacer-md=\"90px\" data-spacer-sm=\"60px\" data-spacer-xs=\"40px\"><\/div><\/div><\/div><\/div><div class=\"wpb_column vc_column_container vc_col-sm-4 vc_col-lg-5 vc_col-md-5 vc_hidden-xs vc_col-has-fill\" data-stretch=\"right\" style=\"position:relative\"><div class=\"vc_column-inner vc_custom_1608244498585\"><div class=\"wpb_wrapper\"><\/div><\/div><\/div><\/div><div class=\"vc_row-full-width vc_clearfix\"><\/div><div data-vc-full-width=\"true\" data-vc-full-width-init=\"false\" class=\"vc_row wpb_row vc_row-fluid vc_row-o-content-middle vc_row-flex\" style=\"position:relative\"><div class=\"wpb_column vc_column_container vc_col-sm-12 vc_hidden-lg vc_hidden-md vc_hidden-sm\" style=\"position:relative\"><div class=\"vc_column-inner\"><div class=\"wpb_wrapper\">\n\t<div  class=\"wpb_single_image wpb_content_element vc_align_center\">\n\t\t\n\t\t<figure class=\"wpb_wrapper vc_figure\">\n\t\t\t<div class=\"vc_single_image-wrapper   vc_box_border_grey\"><img loading=\"lazy\" decoding=\"async\" class=\"vc_single_image-img \" src=\"https:\/\/osteopathe-in-paris.com\/wp-content\/uploads\/2020\/12\/victoria-shoot-2-500x600.png\" width=\"500\" height=\"600\" alt=\"victoria-shoot-2\" title=\"victoria-shoot-2\" \/><\/div>\n\t\t<\/figure>\n\t<\/div>\n<\/div><\/div><\/div><\/div><div class=\"vc_row-full-width vc_clearfix\"><\/div><div data-vc-full-width=\"true\" data-vc-full-width-init=\"false\" class=\"vc_row wpb_row vc_row-fluid vc_custom_1607819678883 vc_row-has-fill vc_column-gap-30 vc_row-o-equal-height vc_row-o-content-middle vc_row-flex\" style=\"position:relative\"><div class=\"wpb_column vc_column_container vc_col-sm-8 vc_col-lg-6 vc_col-md-6 vc_hidden-xs vc_col-has-fill\" data-stretch=\"left\" style=\"position:relative\"><div class=\"vc_column-inner vc_custom_1608244709502\"><div class=\"wpb_wrapper\"><\/div><\/div><\/div><div class=\"wpb_column vc_column_container vc_col-sm-4 vc_col-lg-6 vc_col-md-6\" style=\"position:relative\"><div class=\"vc_column-inner\"><div class=\"wpb_wrapper\">\n\t<div class=\"wpb_text_column wpb_content_element  vc_custom_1607822822060 text-pres-2\" >\n\t\t<div class=\"wpb_wrapper\">\n\t\t\t<p>En plus de son exp\u00e9rience, votre ost\u00e9opathe se forme continuellement pour pouvoir toujours apporter plus \u00e0 ses patients\u00a0:<\/p>\n\n\t\t<\/div>\n\t<\/div>\n<div class=\"vc_row wpb_row vc_inner vc_row-fluid vc_custom_1607822185539 vc_column-gap-10\"><div class=\"wpb_column vc_column_container vc_col-sm-6 vc_col-lg-6 vc_col-has-fill\"><div class=\"vc_column-inner vc_custom_1761217738280\"><div class=\"wpb_wrapper\">\n\t<div class=\"wpb_text_column wpb_content_element  vc_custom_1607961234650 formation\" >\n\t\t<div class=\"wpb_wrapper\">\n\t\t\t<p>Comp\u00e9tence clinique et relation th\u00e9rapeutique<\/p>\n\n\t\t<\/div>\n\t<\/div>\n\n\t<div class=\"wpb_text_column wpb_content_element  vc_custom_1607961333486\" >\n\t\t<div class=\"wpb_wrapper\">\n\t\t\t<p style=\"text-align: right;\"><em>par Emmanuel Mengin D.O.F<\/em><\/p>\n\n\t\t<\/div>\n\t<\/div>\n<\/div><\/div><\/div><div class=\"wpb_column vc_column_container vc_col-sm-6 vc_col-lg-6 vc_col-has-fill\"><div class=\"vc_column-inner vc_custom_1607820817476\"><div class=\"wpb_wrapper\">\n\t<div class=\"wpb_text_column wpb_content_element  vc_custom_1607961244617 formation\" >\n\t\t<div class=\"wpb_wrapper\">\n\t\t\t<p>Approfondissement des technique myofasciale<\/p>\n\n\t\t<\/div>\n\t<\/div>\n\n\t<div class=\"wpb_text_column wpb_content_element  vc_custom_1607961347205\" >\n\t\t<div class=\"wpb_wrapper\">\n\t\t\t<p style=\"text-align: right;\"><em>par Lorane Dick D.O (Etats-Unis)<\/em><\/p>\n\n\t\t<\/div>\n\t<\/div>\n<\/div><\/div><\/div><\/div><div class=\"vc_row wpb_row vc_inner vc_row-fluid vc_custom_1607822191775 vc_column-gap-10\"><div class=\"wpb_column vc_column_container vc_col-sm-6 vc_col-lg-6 vc_col-has-fill\"><div class=\"vc_column-inner vc_custom_1607820274011\"><div class=\"wpb_wrapper\">\n\t<div class=\"wpb_text_column wpb_content_element  vc_custom_1607961253599 formation\" >\n\t\t<div class=\"wpb_wrapper\">\n\t\t\t<p>Approfondissement des techniques ost\u00e9opathiques visc\u00e9rales<\/p>\n\n\t\t<\/div>\n\t<\/div>\n\n\t<div class=\"wpb_text_column wpb_content_element  vc_custom_1607961361717\" >\n\t\t<div class=\"wpb_wrapper\">\n\t\t\t<p style=\"text-align: right;\">par Pasquale D\u2019Antonio D.O (Italie)<\/p>\n\n\t\t<\/div>\n\t<\/div>\n<\/div><\/div><\/div><div class=\"wpb_column vc_column_container vc_col-sm-6 vc_col-lg-6 vc_col-has-fill\"><div class=\"vc_column-inner vc_custom_1607820841585\"><div class=\"wpb_wrapper\">\n\t<div class=\"wpb_text_column wpb_content_element  vc_custom_1607961263607 formation\" >\n\t\t<div class=\"wpb_wrapper\">\n\t\t\t<p>Approfondissement des techniques ost\u00e9opathiques p\u00e9diatriques<\/p>\n\n\t\t<\/div>\n\t<\/div>\n\n\t<div class=\"wpb_text_column wpb_content_element  vc_custom_1607961375354\" >\n\t\t<div class=\"wpb_wrapper\">\n\t\t\t<p style=\"text-align: right;\"><em>par Samantha Fennell B.S.O (Angleterre)<\/em><\/p>\n\n\t\t<\/div>\n\t<\/div>\n<\/div><\/div><\/div><\/div><div class=\"vc_row wpb_row vc_inner vc_row-fluid vc_custom_1607822191775 vc_column-gap-10\"><div class=\"wpb_column vc_column_container vc_col-sm-6 vc_col-lg-6 vc_col-has-fill\"><div class=\"vc_column-inner vc_custom_1607820274011\"><div class=\"wpb_wrapper\">\n\t<div class=\"wpb_text_column wpb_content_element  vc_custom_1761218085361 formation\" >\n\t\t<div class=\"wpb_wrapper\">\n\t\t\t<p>&#8220;Ost\u00e9opathie p\u00e9diatrique: de la petite enfance \u00e0 l&#8217;adolescence&#8221;<\/p>\n\n\t\t<\/div>\n\t<\/div>\n\n\t<div class=\"wpb_text_column wpb_content_element  vc_custom_1761218111397\" >\n\t\t<div class=\"wpb_wrapper\">\n\t\t\t<p style=\"text-align: right;\">par Pierre-Julien Ferr\u00e9 DOF<\/p>\n\n\t\t<\/div>\n\t<\/div>\n<\/div><\/div><\/div><div class=\"wpb_column vc_column_container vc_col-sm-6 vc_col-lg-6 vc_col-has-fill\"><div class=\"vc_column-inner vc_custom_1607820841585\"><div class=\"wpb_wrapper\">\n\t<div class=\"wpb_text_column wpb_content_element  vc_custom_1761218143094 formation\" >\n\t\t<div class=\"wpb_wrapper\">\n\t\t\t<p>&#8220;Ost\u00e9opathie du post-partum &#8220;<\/p>\n\n\t\t<\/div>\n\t<\/div>\n\n\t<div class=\"wpb_text_column wpb_content_element  vc_custom_1761218209208\" >\n\t\t<div class=\"wpb_wrapper\">\n\t\t\t<p style=\"text-align: right;\"><em>par Anne Macquet<\/em><\/p>\n\n\t\t<\/div>\n\t<\/div>\n<\/div><\/div><\/div><\/div><div class=\"vc_row wpb_row vc_inner vc_row-fluid vc_custom_1607822197348 vc_column-gap-10\"><div class=\"wpb_column vc_column_container vc_col-sm-6 vc_col-lg-6 vc_col-has-fill\"><div class=\"vc_column-inner vc_custom_1607820274011\"><div class=\"wpb_wrapper\">\n\t<div class=\"wpb_text_column wpb_content_element  vc_custom_1607961274350 formation\" >\n\t\t<div class=\"wpb_wrapper\">\n\t\t\t<p>Posturologie<\/p>\n\n\t\t<\/div>\n\t<\/div>\n\n\t<div class=\"wpb_text_column wpb_content_element  vc_custom_1607961387753\" >\n\t\t<div class=\"wpb_wrapper\">\n\t\t\t<p style=\"text-align: right;\">par Christophe Buisson D.O.F<\/p>\n\n\t\t<\/div>\n\t<\/div>\n<\/div><\/div><\/div><\/div><\/div><\/div><\/div><\/div><div class=\"vc_row-full-width vc_clearfix\"><\/div>\n","protected":false},"excerpt":{"rendered":"Votre ost\u00e9opathe Victoria a obtenu son dipl\u00f4me d\u2019ost\u00e9opathe D.O.F \u00e0 l\u2019\u00c9cole Sup\u00e9rieure d\u2019Ost\u00e9opathie (ESO Supost\u00e9o), \u00e9cole agr\u00e9e et formation en 6 ans. Depuis son dipl\u00f4me, elle multiplie les exp\u00e9riences aussi bien en France qu\u2019\u00e0 l\u2019\u00e9tranger. Exp\u00e9rience en tant que praticienne depuis ses \u00e9tudes \u00e0 la clinique de l\u2019ESO, puis en cabinet en banlieue parisienne mais aussi au Osteo Nature Center \u00e0 S\u00e9oul (Cor\u00e9e du sud), o\u00f9 elle a pu partager avec des ost\u00e9opathes form\u00e9s \u00e0 Londres mais aussi s\u2019ouvrir aux diff\u00e9rentes visions de prise en charge de la douleur, aussi bien cor\u00e9enne que du monde entier par sa patient\u00e8le vari\u00e9e. Votre ost\u00e9opathe a \u00e9galement de l\u2019exp\u00e9rience en h\u00f4pital, dans le service de maternit\u00e9 \u00e0 la clinique Vauban (Livry Gargan) et au service d\u2019h\u00e9pato-gastro-ent\u00e9rologie du CHI de Cr\u00e9teil. S\u2019ajoute \u00e0 cela sa pr\u00e9sence sur des \u00e9v\u00e8nements sportifs ponctuels tel que le semi-marathon de Paris, dans des clubs sportifs mais aussi des interventions en entreprise. Victoria s\u2019implique \u00e9galement dans la recherche et l\u2019enseignement. Elle a r\u00e9dig\u00e9 et valid\u00e9 son m\u00e9moire \u00ab\u00a0Apport d\u2019une prise en charge en ost\u00e9opathie lors de la r\u00e9\u00e9ducation suite \u00e0 une ligamentoplastie du LCAE\u00a0\u00bb r\u00e9alis\u00e9 en \u00e9troite relation avec plusieurs kin\u00e9sith\u00e9rapeutes. De plus elle participe au partage avec les plus jeunes en tant qu\u2019intervenante et directrice de stage au Lyc\u00e9e Fran\u00e7aise de S\u00e9oul (Cor\u00e9e du sud), et a \u00e9galement dispens\u00e9 des cours avec le Dr. Kim Joseph au Korean Osteopatic Institute (Seoul, Cor\u00e9e du sud). En plus de son exp\u00e9rience, votre ost\u00e9opathe se forme continuellement pour pouvoir toujours apporter plus \u00e0 ses patients\u00a0: Comp\u00e9tence clinique et relation th\u00e9rapeutique par Emmanuel Mengin D.O.F Approfondissement des technique myofasciale par Lorane Dick D.O (Etats-Unis) Approfondissement des techniques ost\u00e9opathiques visc\u00e9rales par Pasquale D\u2019Antonio D.O (Italie) Approfondissement des techniques ost\u00e9opathiques p\u00e9diatriques par Samantha Fennell B.S.O (Angleterre) \"Ost\u00e9opathie p\u00e9diatrique: de la petite enfance \u00e0 l'adolescence\" par Pierre-Julien Ferr\u00e9 DOF \"Ost\u00e9opathie du post-partum \" par Anne Macquet Posturologie par Christophe Buisson D.O.F","protected":false},"author":1,"featured_media":0,"parent":0,"menu_order":0,"comment_status":"closed","ping_status":"closed","template":"","meta":{"footnotes":""},"class_list":["post-792","page","type-page","status-publish","hentry"],"yoast_head":"<!-- This site is optimized with the Yoast SEO plugin v26.2 - https:\/\/yoast.com\/wordpress\/plugins\/seo\/ -->\n<title>Votre ost\u00e9opathe | Andr\u00e9 Victoria<\/title>\n<meta name=\"description\" content=\"RDV d&#039;ost\u00e9opathie dans Paris 13\u00e8me. Victoria Andr\u00e9 est ost\u00e9opathe D.O agr\u00e9e. Prise en charge de votre sant\u00e9 et de votre bien \u00eatre. Prise de rendez-vous rapide en ligne ou au 07.87.32.09.89.\" \/>\n<meta name=\"robots\" content=\"index, follow, max-snippet:-1, max-image-preview:large, max-video-preview:-1\" \/>\n<link rel=\"canonical\" href=\"https:\/\/osteopathe-in-paris.com\/index.php\/votre-osteopathe\/\" \/>\n<meta property=\"og:locale\" content=\"fr_FR\" \/>\n<meta property=\"og:type\" content=\"article\" \/>\n<meta property=\"og:title\" content=\"Votre ost\u00e9opathe | Andr\u00e9 Victoria\" \/>\n<meta property=\"og:description\" content=\"RDV d&#039;ost\u00e9opathie dans Paris 13\u00e8me. Victoria Andr\u00e9 est ost\u00e9opathe D.O agr\u00e9e. Prise en charge de votre sant\u00e9 et de votre bien \u00eatre. Prise de rendez-vous rapide en ligne ou au 07.87.32.09.89.\" \/>\n<meta property=\"og:url\" content=\"https:\/\/osteopathe-in-paris.com\/index.php\/votre-osteopathe\/\" \/>\n<meta property=\"og:site_name\" content=\"Andr\u00e9 Victoria\" \/>\n<meta property=\"article:modified_time\" content=\"2025-11-03T14:36:24+00:00\" \/>\n<meta property=\"og:image\" content=\"https:\/\/osteopathe-in-paris.com\/wp-content\/uploads\/2025\/10\/cropped-Logo-Andre-Victoria-1.png\" \/>\n\t<meta property=\"og:image:width\" content=\"512\" \/>\n\t<meta property=\"og:image:height\" content=\"512\" \/>\n\t<meta property=\"og:image:type\" content=\"image\/png\" \/>\n<meta name=\"twitter:card\" content=\"summary_large_image\" \/>\n<meta name=\"twitter:label1\" content=\"Dur\u00e9e de lecture estim\u00e9e\" \/>\n\t<meta name=\"twitter:data1\" content=\"5 minutes\" \/>\n<script type=\"application\/ld+json\" class=\"yoast-schema-graph\">{\"@context\":\"https:\/\/schema.org\",\"@graph\":[{\"@type\":\"WebPage\",\"@id\":\"https:\/\/osteopathe-in-paris.com\/index.php\/votre-osteopathe\/\",\"url\":\"https:\/\/osteopathe-in-paris.com\/index.php\/votre-osteopathe\/\",\"name\":\"Votre ost\u00e9opathe | Andr\u00e9 Victoria\",\"isPartOf\":{\"@id\":\"https:\/\/osteopathe-in-paris.com\/#website\"},\"datePublished\":\"2020-12-13T17:02:10+00:00\",\"dateModified\":\"2025-11-03T14:36:24+00:00\",\"description\":\"RDV d'ost\u00e9opathie dans Paris 13\u00e8me. Victoria Andr\u00e9 est ost\u00e9opathe D.O agr\u00e9e. Prise en charge de votre sant\u00e9 et de votre bien \u00eatre. Prise de rendez-vous rapide en ligne ou au 07.87.32.09.89.\",\"breadcrumb\":{\"@id\":\"https:\/\/osteopathe-in-paris.com\/index.php\/votre-osteopathe\/#breadcrumb\"},\"inLanguage\":\"fr-FR\",\"potentialAction\":[{\"@type\":\"ReadAction\",\"target\":[\"https:\/\/osteopathe-in-paris.com\/index.php\/votre-osteopathe\/\"]}]},{\"@type\":\"BreadcrumbList\",\"@id\":\"https:\/\/osteopathe-in-paris.com\/index.php\/votre-osteopathe\/#breadcrumb\",\"itemListElement\":[{\"@type\":\"ListItem\",\"position\":1,\"name\":\"Accueil\",\"item\":\"https:\/\/osteopathe-in-paris.com\/\"},{\"@type\":\"ListItem\",\"position\":2,\"name\":\"Votre ost\u00e9opathe\"}]},{\"@type\":\"WebSite\",\"@id\":\"https:\/\/osteopathe-in-paris.com\/#website\",\"url\":\"https:\/\/osteopathe-in-paris.com\/\",\"name\":\"Andr\u00e9 Victoria Ost\u00e9oapthe\",\"description\":\"Ost\u00e9opathe\",\"publisher\":{\"@id\":\"https:\/\/osteopathe-in-paris.com\/#organization\"},\"potentialAction\":[{\"@type\":\"SearchAction\",\"target\":{\"@type\":\"EntryPoint\",\"urlTemplate\":\"https:\/\/osteopathe-in-paris.com\/?s={search_term_string}\"},\"query-input\":{\"@type\":\"PropertyValueSpecification\",\"valueRequired\":true,\"valueName\":\"search_term_string\"}}],\"inLanguage\":\"fr-FR\"},{\"@type\":\"Organization\",\"@id\":\"https:\/\/osteopathe-in-paris.com\/#organization\",\"name\":\"Andre Victoria Ost\u00e9opathe\",\"url\":\"https:\/\/osteopathe-in-paris.com\/\",\"logo\":{\"@type\":\"ImageObject\",\"inLanguage\":\"fr-FR\",\"@id\":\"https:\/\/osteopathe-in-paris.com\/#\/schema\/logo\/image\/\",\"url\":\"https:\/\/osteopathe-in-paris.com\/wp-content\/uploads\/2020\/12\/Logo-Andre-Victoria.png\",\"contentUrl\":\"https:\/\/osteopathe-in-paris.com\/wp-content\/uploads\/2020\/12\/Logo-Andre-Victoria.png\",\"width\":1000,\"height\":1000,\"caption\":\"Andre Victoria Ost\u00e9opathe\"},\"image\":{\"@id\":\"https:\/\/osteopathe-in-paris.com\/#\/schema\/logo\/image\/\"}}]}<\/script>\n<!-- \/ Yoast SEO plugin. -->","yoast_head_json":{"title":"Votre ost\u00e9opathe | Andr\u00e9 Victoria","description":"RDV d'ost\u00e9opathie dans Paris 13\u00e8me. Victoria Andr\u00e9 est ost\u00e9opathe D.O agr\u00e9e. Prise en charge de votre sant\u00e9 et de votre bien \u00eatre. Prise de rendez-vous rapide en ligne ou au 07.87.32.09.89.","robots":{"index":"index","follow":"follow","max-snippet":"max-snippet:-1","max-image-preview":"max-image-preview:large","max-video-preview":"max-video-preview:-1"},"canonical":"https:\/\/osteopathe-in-paris.com\/index.php\/votre-osteopathe\/","og_locale":"fr_FR","og_type":"article","og_title":"Votre ost\u00e9opathe | Andr\u00e9 Victoria","og_description":"RDV d'ost\u00e9opathie dans Paris 13\u00e8me. Victoria Andr\u00e9 est ost\u00e9opathe D.O agr\u00e9e. Prise en charge de votre sant\u00e9 et de votre bien \u00eatre. Prise de rendez-vous rapide en ligne ou au 07.87.32.09.89.","og_url":"https:\/\/osteopathe-in-paris.com\/index.php\/votre-osteopathe\/","og_site_name":"Andr\u00e9 Victoria","article_modified_time":"2025-11-03T14:36:24+00:00","og_image":[{"width":512,"height":512,"url":"https:\/\/osteopathe-in-paris.com\/wp-content\/uploads\/2025\/10\/cropped-Logo-Andre-Victoria-1.png","type":"image\/png"}],"twitter_card":"summary_large_image","twitter_misc":{"Dur\u00e9e de lecture estim\u00e9e":"5 minutes"},"schema":{"@context":"https:\/\/schema.org","@graph":[{"@type":"WebPage","@id":"https:\/\/osteopathe-in-paris.com\/index.php\/votre-osteopathe\/","url":"https:\/\/osteopathe-in-paris.com\/index.php\/votre-osteopathe\/","name":"Votre ost\u00e9opathe | Andr\u00e9 Victoria","isPartOf":{"@id":"https:\/\/osteopathe-in-paris.com\/#website"},"datePublished":"2020-12-13T17:02:10+00:00","dateModified":"2025-11-03T14:36:24+00:00","description":"RDV d'ost\u00e9opathie dans Paris 13\u00e8me. Victoria Andr\u00e9 est ost\u00e9opathe D.O agr\u00e9e. Prise en charge de votre sant\u00e9 et de votre bien \u00eatre. Prise de rendez-vous rapide en ligne ou au 07.87.32.09.89.","breadcrumb":{"@id":"https:\/\/osteopathe-in-paris.com\/index.php\/votre-osteopathe\/#breadcrumb"},"inLanguage":"fr-FR","potentialAction":[{"@type":"ReadAction","target":["https:\/\/osteopathe-in-paris.com\/index.php\/votre-osteopathe\/"]}]},{"@type":"BreadcrumbList","@id":"https:\/\/osteopathe-in-paris.com\/index.php\/votre-osteopathe\/#breadcrumb","itemListElement":[{"@type":"ListItem","position":1,"name":"Accueil","item":"https:\/\/osteopathe-in-paris.com\/"},{"@type":"ListItem","position":2,"name":"Votre ost\u00e9opathe"}]},{"@type":"WebSite","@id":"https:\/\/osteopathe-in-paris.com\/#website","url":"https:\/\/osteopathe-in-paris.com\/","name":"Andr\u00e9 Victoria Ost\u00e9oapthe","description":"Ost\u00e9opathe","publisher":{"@id":"https:\/\/osteopathe-in-paris.com\/#organization"},"potentialAction":[{"@type":"SearchAction","target":{"@type":"EntryPoint","urlTemplate":"https:\/\/osteopathe-in-paris.com\/?s={search_term_string}"},"query-input":{"@type":"PropertyValueSpecification","valueRequired":true,"valueName":"search_term_string"}}],"inLanguage":"fr-FR"},{"@type":"Organization","@id":"https:\/\/osteopathe-in-paris.com\/#organization","name":"Andre Victoria Ost\u00e9opathe","url":"https:\/\/osteopathe-in-paris.com\/","logo":{"@type":"ImageObject","inLanguage":"fr-FR","@id":"https:\/\/osteopathe-in-paris.com\/#\/schema\/logo\/image\/","url":"https:\/\/osteopathe-in-paris.com\/wp-content\/uploads\/2020\/12\/Logo-Andre-Victoria.png","contentUrl":"https:\/\/osteopathe-in-paris.com\/wp-content\/uploads\/2020\/12\/Logo-Andre-Victoria.png","width":1000,"height":1000,"caption":"Andre Victoria Ost\u00e9opathe"},"image":{"@id":"https:\/\/osteopathe-in-paris.com\/#\/schema\/logo\/image\/"}}]}},"_links":{"self":[{"href":"https:\/\/osteopathe-in-paris.com\/index.php\/wp-json\/wp\/v2\/pages\/792","targetHints":{"allow":["GET"]}}],"collection":[{"href":"https:\/\/osteopathe-in-paris.com\/index.php\/wp-json\/wp\/v2\/pages"}],"about":[{"href":"https:\/\/osteopathe-in-paris.com\/index.php\/wp-json\/wp\/v2\/types\/page"}],"author":[{"embeddable":true,"href":"https:\/\/osteopathe-in-paris.com\/index.php\/wp-json\/wp\/v2\/users\/1"}],"replies":[{"embeddable":true,"href":"https:\/\/osteopathe-in-paris.com\/index.php\/wp-json\/wp\/v2\/comments?post=792"}],"version-history":[{"count":16,"href":"https:\/\/osteopathe-in-paris.com\/index.php\/wp-json\/wp\/v2\/pages\/792\/revisions"}],"predecessor-version":[{"id":967,"href":"https:\/\/osteopathe-in-paris.com\/index.php\/wp-json\/wp\/v2\/pages\/792\/revisions\/967"}],"wp:attachment":[{"href":"https:\/\/osteopathe-in-paris.com\/index.php\/wp-json\/wp\/v2\/media?parent=792"}],"curies":[{"name":"wp","href":"https:\/\/api.w.org\/{rel}","templated":true}]}}